hen 971 is divided by 837?
134
What is the remainder when 11499 is divided by 198?
15
What is the remainder when 5184 is divided by 1739?
1706
Calculate the remainder when 78858 is divided by 124.
118
What is the remainder when 137001 is divided by 12?
9
What is the remainder when 959837 is divided by 239955?
17
Calculate the remainder when 234688 is divided by 491.
481
What is the remainder when 22216 is divided by 7398?
22
Calculate the remainder when 20190 is divided by 24.
6
What is the remainder when 489548 is divided by 244765?
18
What is the remainder when 1382 is divided by 26?
4
What is the remainder when 51669 is divided by 41?
9
Calculate the remainder when 48660 is divided by 88.
84
Calculate the remainder when 3978 is divided by 959.
142
What is the remainder when 360650 is divided by 239?
238
What is the remainder when 39208 is divided by 377?
0
Calculate the remainder when 9640 is divided by 161.
141
What is the remainder when 32668 is divided by 359?
358
Calculate the remainder when 828 is divided by 84.
72
What is the remainder when 2228 is divided by 455?
408
Calculate the remainder when 80780 is divided by 42.
14
What is the remainder when 4474 is divided by 161?
127
Calculate the remainder when 45763 is divided by 142.
39
What is the remainder when 9350 is divided by 942?
872
Calculate the remainder when 4412 is divided by 730.
32
Calculate the remainder when 2248 is divided by 15.
13
What is the remainder when 22267 is divided by 2?
1
What is the remainder when 63478 is divided by 593?
27
What is the remainder when 4689 is divided by 1556?
21
Calculate the remainder when 8724 is divided by 8672.
52
What is the remainder when 29052 is divided by 29028?
24
What is the remainder when 92923 is divided by 256?
251
What is the remainder when 84498 is divided by 352?
18
What is the remainder when 54449 is divided by 52?
5
What is the remainder when 3604 is divided by 467?
335
Calculate the remainder when 27802 is divided by 158.
152
Calculate the remainder when 73826 is divided by 52.
38
What is the remainder when 12978 is divided by 53?
46
Calculate the remainder when 147525 is divided by 9219.
21
What is the remainder when 11476 is divided by 79?
21
What is the remainder when 113182 is divided by 703?
702
What is the remainder when 78845 is divided by 166?
161
What is the remainder when 357474 is divided by 37?
17
What is the remainder when 3095 is divided by 319?
224
Calculate the remainder when 688874 is divided by 125.
124
What is the remainder when 6178 is divided by 399?
193
Calculate the remainder when 1857 is divided by 47.
24
What is the remainder when 4126 is divided by 3987?
139
What is the remainder when 15650 is divided by 3118?
60
What is the remainder when 90046 is divided by 90036?
10
Calculate the remainder when 795388 is divided by 357.
349
Calculate the remainder when 37328 is divided by 3097.
164
What is the remainder when 177053 is divided by 191?
187
What is the remainder when 73173 is divided by 43?
30
What is the remainder when 1268 is divided by 224?
148
Calculate the remainder when 4250 is divided by 19.
13
What is the remainder when 13297 is divided by 630?
67
Calculate the remainder when 975 is divided by 69.
9
Calculate the remainder when 1305 is divided by 210.
45
Calculate the remainder when 22791 is divided by 87.
84
Calculate the remainder when 90740 is divided by 30.
20
What is the remainder when 8165 is divided by 103?
28
Calculate the remainder when 1681 is divided by 284.
261
What is the remainder when 15159 is divided by 1349?
320
What is the remainder when 7474 is divided by 25?
24
Calculate the remainder when 27258 is divided by 1297.
21
Calculate the remainder when 151119 is divided by 586.
517
What is the remainder when 113609 is divided by 37859?
32
Calculate the remainder when 547 is divided by 56.
43
Calculate the remainder when 1738 is divided by 54.
10
Calculate the remainder when 1998049 is divided by 326.
321
Calculate the remainder when 211590 is divided by 82.
30
What is the remainder when 15962 is divided by 313?
312
Calculate the remainder when 2574 is divided by 429.
0
What is the remainder when 14760 is divided by 1475?
10
What is the remainder when 20523 is divided by 735?
678
What is the remainder when 168282 is divided by 1058?
60
What is the remainder when 755 is divided by 656?
99
What is the remainder when 102522 is divided by 184?
34
Calculate the remainder when 908 is divided by 170.
58
Calculate the remainder when 4439 is divided by 671.
413
Calculate the remainder when 770726 is divided by 345.
341
What is the remainder when 4691572 is divided by 307?
305
What is the remainder when 1598 is divided by 540?
518
Calculate the remainder when 1192 is divided by 391.
19
Calculate the remainder when 64277 is divided by 32132.
13
What is the remainder when 10927 is divided by 75?
52
What is the remainder when 5425 is divided by 21?
7
What is the remainder when 5181 is divided by 798?
393
What is the remainder when 27030 is divided by 6564?
774
What is the remainder when 1092334 is divided by 48?
46
What is the remainder when 79508 is divided by 492?
296
Calculate the remainder when 14708 is divided by 2929.
63
What is the remainder when 509374 is divided by 3?
1
Calculate the remainder when 5586 is divided by 53.
21
What is the remainder when 9082 is divided by 1294?
24
Calculate the remainder when 34890 is divided by 153.
6
Calculate the remainder when 994 is divided by 309.
67
Calculate the remainder when 785956 is divided by 27.
13
What is the remainder when 2646 is divided by 855?
81
Calculate the remainder when 2807 is divided by 6.
5
What is the remainder when 27087 is divided by 70?
67
Calculate the remainder when 27454 is divided by 914.
34
What is the remainder when 12827 is divided by 1421?
38
What is the remainder when 66508 is divided by 341?
13
Calculate the remainder when 2431 is divided by 176.
143
Calculate the remainder when 3777 is divided by 239.
192
Calculate the remainder when 2553 is divided by 824.
81
What is the remainder when 66110 is divided by 816?
14
What is the remainder when 1988 is divided by 515?
443
Calculate the remainder when 1169503 is divided by 2339.
3
What is the remainder when 3459 is divided by 1727?
5
What is the remainder when 491204 is divided by 449?
447
Calculate the remainder when 189116 is divided by 63031.
23
What is the remainder when 397655 is divided by 132551?
2
Calculate the remainder when 9620 is divided by 9614.
6
What is the remainder when 13130 is divided by 39?
26
What is the remainder when 6494 is divided by 41?
16
Calculate the remainder when 6451907 is divided by 61.
59
Calculate the remainder when 8719 is divided by 112.
95
What is the remainder when 259014 is divided by 11261?
11
Calculate the remainder when 613 is divided by 128.
101
Calculate the remainder when 7895848 is divided by 5.
3
Calculate the remainder when 43489 is divided by 85.
54
What is the remainder when 5576 is divided by 307?
50
Calculate the remainder when 692 is divided by 16.
4
What is the remainder when 2887 is divided by 633?
355
Calculate the remainder when 11788 is divided by 1643.
287
Calculate the remainder when 8954 is divided by 256.
250
What is the remainder when 17275 is divided by 258?
247
Calculate the remainder when 96994 is divided by 159.
4
Calculate the remainder when 52 is divided by 35.
17
Calculate the remainder when 132053 is divided by 2096.
5
Calculate the remainder when 763 is divided by 526.
237
What is the remainder when 231707 is divided by 605?
597
What is the remainder when 193488 is divided by 61?
57
What is the remainder when 52799 is divided by 17546?
161
Calculate the remainder when 18343 is divided by 65.
13
Calculate the remainder when 6490 is divided by 636.
130
What is the remainder when 3345 is divided by 301?
34
What is the remainder when 86368 is divided by 17270?
18
What is the remainder when 33007 is divided by 8206?
183
What is the remainder when 5869 is divided by 747?
640
Calculate the remainder when 47174 is divided by 17.
16
What is the remainder when 1677 is divided by 407?
49
Calculate the remainder when 10972 is divided by 98.
94
What is the remainder when 14479 is divided by 219?
25
W